
Convert b77c (base 16) to base 2.
1011011101111100
Convert 2001 (base 6) to base 15.
1dd
56 (base 8) to base 12
3a
What is 75725 (base 8) in base 16?
7bd5
Convert 6b48 (base 13) to base 16.
3afd
25a (base 15) to base 12
387
-2695 (base 16) to base 5
-304002
-bed9 (base 15) to base 3
-2001112020
What is -33112 (base 5) in base 11?
-1795
Convert -11001022 (base 3) to base 2.
-101110000111
13333 (base 4) to base 8
777
Convert -5255 (base 11) to base 5.
-210312
11684 (base 10) to base 3
121000202
What is -21000212 (base 3) in base 15?
-17bb
What is -531 (base 6) in base 11?
-171
What is -1137 (base 13) in base 6?
-15100
What is 1000111101100 (base 2) in base 4?
1013230
-853 (base 10) to base 8
-1525
Convert -22503 (base 7) to base 5.
-140421
Convert -1020211 (base 3) to base 2.
-1110010001
Convert -11110000000001 (base 2) to base 8.
-36001
318a (base 11) to base 8
10164
6058 (base 13) to base 15
3dda
25043 (base 7) to base 12
3958
-1301233 (base 5) to base 9
-37502
Convert -170 (base 11) to base 4.
-3012
Convert -86a (base 14) to base 16.
-67e
What is 11301202 (base 4) in base 5?
1224100
331642 (base 7) to base 9
87857
What is -3733 (base 11) in base 10?
-4876
What is -1ba5 (base 12) in base 7?
-13010
Convert 2479 (base 10) to base 2.
100110101111
10103 (base 5) to base 10
653
-672 (base 14) to base 9
-1667
What is -225 (base 10) in base 15?
-100
What is 1573 (base 8) in base 11?
740
1200043 (base 5) to base 11
154a8
Convert -35241 (base 7) to base 11.
-6883
What is -15150 (base 9) in base 5?
-312312
Convert 201512 (base 6) to base 12.
9298
What is 41234 (base 5) in base 10?
2694
-50137 (base 10) to base 4
-30033121
What is 10223 (base 5) in base 13?
40c
What is 154 (base 14) in base 2?
100001110
754 (base 9) to base 5
4431
Convert c9 (base 16) to base 12.
149
-10057 (base 10) to base 9
-14714
Convert 109 (base 14) to base 2.
11001101
-112 (base 11) to base 10
-134
What is 189 (base 12) in base 2?
11111001
Convert 2332 (base 4) to base 2.
10111110
Convert -3350 (base 6) to base 12.
-556
Convert -679 (base 12) to base 10.
-957
What is a708 (base 13) in base 2?
101101001111001
Convert 2113320 (base 4) to base 10.
9720
-414432 (base 5) to base 11
-a363
Convert -1231 (base 6) to base 4.
-10303
What is 25b1 (base 13) in base 4?
1110013
What is -3075 (base 8) in base 15?
-717
What is 848 (base 10) in base 11?
701
Convert -6036 (base 8) to base 12.
-1966
3810 (base 13) to base 9
11820
What is 1110010110111011 (base 2) in base 14?
1760b
What is -44554 (base 9) in base 12?
-1517a
Convert -417 (base 8) to base 7.
-535
-9a1 (base 14) to base 5
-30110
What is -325 (base 6) in base 13?
-98
What is d07d (base 14) in base 12?
1885b
Convert -117b0 (base 13) to base 8.
-76524
Convert 1010010011 (base 2) to base 16.
293
What is -2499 (base 11) in base 9?
-4415
Convert -2685 (base 16) to base 14.
-3845
345 (base 11) to base 2
110011100
28913 (base 11) to base 16
a049
1056 (base 10) to base 5
13211
What is 140331 (base 5) in base 6?
42244
-12202 (base 6) to base 14
-92a
Convert -10013030 (base 4) to base 6.
-205552
Convert 214 (base 6) to base 9.
101
-23431 (base 9) to base 4
-3310231
Convert 111111001111 (base 2) to base 5.
112142
What is 1196 (base 11) in base 10?
1557
What is -13141 (base 6) in base 16?
-7d5
What is -dd (base 15) in base 10?
-208
Convert 211013 (base 5) to base 8.
15540
-1243 (base 11) to base 2
-11001010100
Convert -10101001010 (base 2) to base 3.
-1212011
Convert -56644 (base 11) to base 10.
-81965
What is -21332 (base 4) in base 8?
-1176
Convert -1b90b (base 12) to base 16.
-a05b
What is 10401 (base 11) in base 2?
11101100010110
What is 3212 (base 5) in base 2?
110110000
What is -33022 (base 4) in base 16?
-3ca
Convert 7257 (base 9) to base 3.
21021221
-3245 (base 8) to base 9
-2300
What is 148e (base 16) in base 6?
40210
What is 8190 (base 12) in base 9?
21270
What is -1022002 (base 3) in base 5?
-12242
What is -6816 (base 9) in base 13?
-23a6
What is 31303 (base 6) in base 7?
15201
Convert 298 (base 10) to base 16.
12a
What is 1221020010 (base 3) in base 9?
57203
Convert 1010122111 (base 3) to base 15.
6947
20120010 (base 3) to base 12
2926
Convert 204 (base 13) to base 9.
420
Convert 130345 (base 6) to base 7.
46256
What is -898 (base 15) in base 12?
-115b
What is -2030 (base 8) in base 5?
-13143
-20102 (base 5) to base 9
-1668
What is 1353 (base 10) in base 7?
3642
What is -137417 (base 8) in base 12?
-2437b
-388 (base 10) to base 11
-323
88880 (base 9) to base 4
32122200
What is -4163 (base 9) in base 7?
-11622
Convert 4661 (base 7) to base 15.
78e
1131 (base 9) to base 13
4c6
-1110321 (base 5) to base 14
-7141
1a3b (base 13) to base 12
2341
2dc (base 14) to base 7
1465
-918a (base 12) to base 6
-201054
What is -70 (base 15) in base 10?
-105
1ff (base 16) to base 8
777
Convert -53154 (base 8) to base 3.
-1010100102
What is -111111001100110 (base 2) in base 14?
-bb14
What is -1721 (base 15) in base 10?
-4981
Convert 1676 (base 8) to base 2.
1110111110
What is 3071 (base 8) in base 4?
120321
What is 504041 (base 6) in base 4?
21231121
What is -230111 (base 4) in base 13?
-13a3
Convert -103213 (base 5) to base 14.
-1422
-10352 (base 6) to base 10
-1436
-be2d (base 16) to base 4
-23320231
-23030 (base 4) to base 11
-5a1
Convert -104a3 (base 14) to base 13.
-14ba5
11313 (base 9) to base 2
1110101111001
Convert 3b80 (base 15) to base 5.
401340
Convert 1001010000000 (base 2) to base 13.
2204
What is -1215 (base 10) in base 15?
-560
What is 820 (base 13) in base 3?
1220001
Convert 121041 (base 6) to base 10.
10609
Convert 2094 (base 10) to base 3.
2212120
-148 (base 10) to base 2
-10010100
Convert 425 (base 9) to base 7.
1004
Convert -101101 (base 3) to base 10.
-280
Convert -994 (base 13) to base 10.
-1642
What is -133543 (base 7) in base 4?
-12023203
Convert 1302223 (base 4) to base 8.
16253
1561 (base 10) to base 3
2010211
What is 252 (base 10) in base 12?
190
-444 (base 14) to base 2
-1101001100
Convert -5c7 (base 15) to base 8.
-2440
Convert 1100010000 (base 2) to base 13.
484
What is -121232 (base 4) in base 13?
-998
What is -18c2 (base 15) in base 14?
-1d49
180 (base 14) to base 2
100110100
What is -1020012020 (base 3) in base 5?
-1233243
-78400 (base 9) to base 16
-cb73
What is -2c8 (base 16) in base 6?
-3144
-10110 (base 5) to base 9
-807
-3142 (base 6) to base 3
-222022
What is -222022101 (base 3) in base 10?
-19180
Convert -10211 (base 6) to base 8.
-2537
What is 2212222 (base 5) in base 4?
21120211
Convert 1322132 (base 4) to base 5.
222323
Convert 454 (base 8) to base 11.
253
What is 16154 (base 7) in base 4?
1013003
Convert 652 (base 15) to base 4.
112103
What is -384 (base 13) in base 10?
-615
Convert 23330 (base 5) to base 4.
122303
1210112 (base 3) to base 6
10022
7542 (base 10) to base 3
101100100
Convert 28765 (base 10) to base 9.
43411
Convert 4241 (base 10) to base 3.
12211002
303200 (base 4) to base 16
ce0
Convert 24117 (base 8) to base 13.
490a
-122221 (base 7) to base 4
-11132020
-10d (base 15) to base 3
-22211
-99 (base 14) to base 10
-135
162263 (base 7) to base 2
111110100101010
3656 (base 8) to base 15
8b1
What is 24a (base 15) in base 3?
201021
What is 172 (base 9) in base 10?
146
What is -2226 (base 7) in base 13?
-49b
What is 50 (base 6) in base 16?
1e
Convert -135 (base 7) to base 16.
-4b
Convert 62 (base 11) to base 13.
53
11032202 (base 4) to base 10
21410
What is 17661 (base 10) in base 6?
213433
Convert 4875 (base 15) to base 5.
443120
Convert 3309 (base 10) to base 4.
303231
Convert 21331033 (base 4) to base 10.
40783
Convert -133111 (base 5) to base 16.
-151e
-221120000 (base 3) to base 14
-6b0a
Convert -1153 (base 12) to base 9.
-2580
-12223022 (base 4) to base 2
-110101011001010
Convert -24124 (base 5) to base 7.
-5134
115 (base 15) to base 2
11110101
Convert -23214 (base 7) to base 11.
-4510
What is 17997 (base 10) in base 4?
10121031
Convert 1122113 (base 4) to base 11.
4388
-c6 (base 15) to base 9
-226
What is -1054152 (base 6) in base 5?
-3212233
Convert 502 (base 10) to base 5.
4002
Convert 10001011100 (base 2) to base 3.
1112100
What is 25352 (base 8) in base 16?
2aea
Convert -33425 (base 6) to base 14.
-19d7
-101111 (base 2) to base 6
-115
-2014 (base 6) to base 16
-1ba
What is -1542 (base 9) in